{"id":4469,"date":"2025-01-21T21:52:38","date_gmt":"2025-01-21T21:52:38","guid":{"rendered":"https:\/\/immunoz.com\/?post_type=product&#038;p=4469"},"modified":"2026-03-25T16:56:21","modified_gmt":"2026-03-25T16:56:21","slug":"immunoz-sport-muscle","status":"publish","type":"product","link":"https:\/\/immunoz.com\/?product=immunoz-sport-muscle","title":{"rendered":"Immunoz\u00ae Turkesterone &#8211; Sports &#038; Muscles"},"content":{"rendered":"<p style=\"font-weight: 400;\">Atteignez des performances optimales avec <strong>Immunoz\u00ae Sport Muscle<\/strong>, un suppl\u00e9ment de qualit\u00e9 sup\u00e9rieure formul\u00e9 avec <strong>500 mg de Turkesterone<\/strong> par portion. Con\u00e7ue pour les athl\u00e8tes et les amateurs de fitness, cette formule puissante soutient <strong>la croissance musculaire<\/strong>, am\u00e9liore\u00a0 l<strong>&#8216;endurance <\/strong>et aide au d\u00e9veloppement de la masse musculaire maigre.<\/p>\n<p style=\"font-weight: 400;\">Que vous vous efforciez de battre votre record personnel ou de construire un physique plus fort et plus d\u00e9fini, <strong>Immunoz\u00ae Turkesterone pour Sport &amp; Muscle<\/strong> vous offre le soutien dont vous avez besoin. Ses ingr\u00e9dients naturels \u00e0 base de plantes favorisent la <strong>synth\u00e8se des prot\u00e9ines<\/strong>, am\u00e9liorent le <strong>temps de r\u00e9cup\u00e9ration <\/strong>et vous aident \u00e0 maintenir des entra\u00eenements de haute intensit\u00e9.<\/p>\n<ul style=\"font-weight: 400;\">\n<li><strong>Principaux avantages<\/strong> :\n<ul>\n<li>Am\u00e9liore l&#8217;endurance et l&#8217;endurance<\/li>\n<li>Favorise le d\u00e9veloppement de la masse musculaire maigre<\/li>\n<li>Am\u00e9liore la r\u00e9cup\u00e9ration et les performances<\/li>\n<li>Croissance musculaire naturelle et non hormonale<\/li>\n<\/ul>\n<\/li>\n<\/ul>\n<p style=\"font-weight: 400;\">Faites passer votre parcours de remise en forme au niveau sup\u00e9rieur avec <strong>Immunoz\u00aeTurkesterone pour Sport et Muscle<\/strong> et lib\u00e9rez votre v\u00e9ritable potentiel athl\u00e9tique !<\/p>\n","protected":false},"excerpt":{"rendered":"<p>Immunoz\u00ae Turkesterone Sports &amp; Muscles, with 500 mg of Turkesterone, enhances stamina, supports lean muscle growth, and speeds up recovery for peak athletic performance. Perfect for fitness enthusiasts and athletes!<\/p>\n","protected":false},"featured_media":4455,"comment_status":"open","ping_status":"closed","template":"","meta":{"om_disable_all_campaigns":false,"_monsterinsights_skip_tracking":false,"_monsterinsights_sitenote_active":false,"_monsterinsights_sitenote_note":"","_monsterinsights_sitenote_category":0,"site-sidebar-layout":"default","site-content-layout":"","ast-site-content-layout":"default","site-content-style":"default","site-sidebar-style":"default","ast-global-header-display":"","ast-banner-title-visibility":"","ast-main-header-display":"","ast-hfb-above-header-display":"","ast-hfb-below-header-display":"","ast-hfb-mobile-header-display":"","site-post-title":"","ast-breadcrumbs-content":"","ast-featured-img":"","footer-sml-layout":"","theme-transparent-header-meta":"default","adv-header-id-meta":"","stick-header-meta":"","header-above-stick-meta":"","header-main-stick-meta":"","header-below-stick-meta":"","astra-migrate-meta-layouts":"set","ast-page-background-enabled":"default","ast-page-background-meta":{"desktop":{"background-color":"","background-image":"","background-repeat":"repeat","background-position":"center center","background-size":"auto","background-attachment":"scroll","background-type":"","background-media":"","overlay-type":"","overlay-color":"","overlay-opacity":"","overlay-gradient":""},"tablet":{"background-color":"","background-image":"","background-repeat":"repeat","background-position":"center center","background-size":"auto","background-attachment":"scroll","background-type":"","background-media":"","overlay-type":"","overlay-color":"","overlay-opacity":"","overlay-gradient":""},"mobile":{"background-color":"","background-image":"","background-repeat":"repeat","background-position":"center center","background-size":"auto","background-attachment":"scroll","background-type":"","background-media":"","overlay-type":"","overlay-color":"","overlay-opacity":"","overlay-gradient":""}},"ast-content-background-meta":{"desktop":{"background-color":"var(--ast-global-color-5)","background-image":"","background-repeat":"repeat","background-position":"center center","background-size":"auto","background-attachment":"scroll","background-type":"","background-media":"","overlay-type":"","overlay-color":"","overlay-opacity":"","overlay-gradient":""},"tablet":{"background-color":"var(--ast-global-color-5)","background-image":"","background-repeat":"repeat","background-position":"center center","background-size":"auto","background-attachment":"scroll","background-type":"","background-media":"","overlay-type":"","overlay-color":"","overlay-opacity":"","overlay-gradient":""},"mobile":{"background-color":"var(--ast-global-color-5)","background-image":"","background-repeat":"repeat","background-position":"center center","background-size":"auto","background-attachment":"scroll","background-type":"","background-media":"","overlay-type":"","overlay-color":"","overlay-opacity":"","overlay-gradient":""}}},"product_brand":[],"product_cat":[94],"product_tag":[102,101],"class_list":{"0":"post-4469","1":"product","2":"type-product","3":"status-publish","4":"has-post-thumbnail","6":"product_cat-energy-stamina-sports-nutrition","7":"product_tag-immunoz","8":"product_tag-muscle","9":"desktop-align-left","10":"tablet-align-left","11":"mobile-align-left","13":"first","14":"instock","15":"sale","16":"featured","17":"taxable","18":"shipping-taxable","19":"purchasable","20":"product-type-simple"},"aioseo_notices":[],"_links":{"self":[{"href":"https:\/\/immunoz.com\/index.php?rest_route=\/wp\/v2\/product\/4469","targetHints":{"allow":["GET"]}}],"collection":[{"href":"https:\/\/immunoz.com\/index.php?rest_route=\/wp\/v2\/product"}],"about":[{"href":"https:\/\/immunoz.com\/index.php?rest_route=\/wp\/v2\/types\/product"}],"replies":[{"embeddable":true,"href":"https:\/\/immunoz.com\/index.php?rest_route=%2Fwp%2Fv2%2Fcomments&post=4469"}],"version-history":[{"count":5,"href":"https:\/\/immunoz.com\/index.php?rest_route=\/wp\/v2\/product\/4469\/revisions"}],"predecessor-version":[{"id":5182,"href":"https:\/\/immunoz.com\/index.php?rest_route=\/wp\/v2\/product\/4469\/revisions\/5182"}],"wp:featuredmedia":[{"embeddable":true,"href":"https:\/\/immunoz.com\/index.php?rest_route=\/wp\/v2\/media\/4455"}],"wp:attachment":[{"href":"https:\/\/immunoz.com\/index.php?rest_route=%2Fwp%2Fv2%2Fmedia&parent=4469"}],"wp:term":[{"taxonomy":"product_brand","embeddable":true,"href":"https:\/\/immunoz.com\/index.php?rest_route=%2Fwp%2Fv2%2Fproduct_brand&post=4469"},{"taxonomy":"product_cat","embeddable":true,"href":"https:\/\/immunoz.com\/index.php?rest_route=%2Fwp%2Fv2%2Fproduct_cat&post=4469"},{"taxonomy":"product_tag","embeddable":true,"href":"https:\/\/immunoz.com\/index.php?rest_route=%2Fwp%2Fv2%2Fproduct_tag&post=4469"}],"curies":[{"name":"wp","href":"https:\/\/api.w.org\/{rel}","templated":true}]}}