{"id":4839,"date":"2025-01-23T22:45:24","date_gmt":"2025-01-23T22:45:24","guid":{"rendered":"https:\/\/immunoz.com\/?post_type=product&#038;p=4839"},"modified":"2025-11-02T14:38:59","modified_gmt":"2025-11-02T14:38:59","slug":"immunoz-libidoz","status":"publish","type":"product","link":"https:\/\/immunoz.com\/?product=immunoz-libidoz","title":{"rendered":"Immunoz\u00ae LIBIDOZ"},"content":{"rendered":"<div>\n<p><strong>Immunoz\u00ae LIBIDOZ <\/strong>est un m\u00e9lange d&#8217;ingr\u00e9dients naturels de qualit\u00e9 sup\u00e9rieure con\u00e7u pour am\u00e9liorer l&#8217;\u00e9nergie, stimuler la libido et soutenir la vitalit\u00e9 sexuelle chez les hommes et les femmes. Cette formule avanc\u00e9e combine des plantes puissantes comme la racine d&#8217;Ashwagandha, l&#8217;herbe de ch\u00e8vre corn\u00e9e, la racine de maca, le Tongkat Ali et le Tribulus Terrestris, connus pour leurs puissantes propri\u00e9t\u00e9s aphrodisiaques et d&#8217;am\u00e9lioration des performances.<\/p>\n<\/div>\n<div>\n<p>Avec des extraits ajout\u00e9s comme la Damiana, le Muira Puama et le Catuaba, <strong>Immunoz\u00ae LIBIDOZ <\/strong>soutient l&#8217;\u00e9quilibre hormonal, am\u00e9liore l&#8217;endurance et favorise le bien-\u00eatre g\u00e9n\u00e9ral.<\/p>\n<\/div>\n<div>\n<p>Que vous cherchiez \u00e0 revitaliser votre \u00e9nergie ou \u00e0 raviver votre motivation, ce suppl\u00e9ment est la solution parfaite pour restaurer la vitalit\u00e9 naturellement.<\/p>\n<\/div>\n","protected":false},"excerpt":{"rendered":"<p><span id=\"tgtAlignment_0\" class=\"ts-alignment-element-highlighted\" data-is-focusable=\"true\">Boostez<\/span> <span id=\"tgtAlignment_1\" class=\"ts-alignment-element\" data-is-focusable=\"true\">l<\/span><span id=\"tgtAlignment_2\" class=\"ts-alignment-element\" data-is-focusable=\"true\">\u2019<\/span><span id=\"tgtAlignment_3\" class=\"ts-alignment-element\" data-is-focusable=\"true\">\u00e9nergie<\/span><span id=\"tgtAlignment_4\" class=\"ts-alignment-element\" data-is-focusable=\"true\">,<\/span> <span id=\"tgtAlignment_5\" class=\"ts-alignment-element\" data-is-focusable=\"true\">am\u00e9liorez<\/span> <span id=\"tgtAlignment_6\" class=\"ts-alignment-element\" data-is-focusable=\"true\">la<\/span> <span id=\"tgtAlignment_7\" class=\"ts-alignment-element\" data-is-focusable=\"true\">libido<\/span> <span id=\"tgtAlignment_8\" class=\"ts-alignment-element\" data-is-focusable=\"true\">et<\/span> <span id=\"tgtAlignment_9\" class=\"ts-alignment-element\" data-is-focusable=\"true\">soutenez<\/span> <span id=\"tgtAlignment_10\" class=\"ts-alignment-element\" data-is-focusable=\"true\">naturellement<\/span> <span id=\"tgtAlignment_11\" class=\"ts-alignment-element\" data-is-focusable=\"true\">la<\/span> <span id=\"tgtAlignment_12\" class=\"ts-alignment-element\" data-is-focusable=\"true\">vitalit\u00e9<\/span> <span id=\"tgtAlignment_13\" class=\"ts-alignment-element\" data-is-focusable=\"true\">sexuelle<\/span> <span id=\"tgtAlignment_14\" class=\"ts-alignment-element\" data-is-focusable=\"true\">avec<\/span> <span id=\"tgtAlignment_15\" class=\"ts-alignment-element\" data-is-focusable=\"true\">Immunoz<\/span><span id=\"tgtAlignment_16\" class=\"ts-alignment-element\" data-is-focusable=\"true\">\u00ae<\/span> <span id=\"tgtAlignment_17\" class=\"ts-alignment-element\" data-is-focusable=\"true\">LIBIDOZ<\/span><span id=\"tgtAlignment_18\" class=\"ts-alignment-element\" data-is-focusable=\"true\">,<\/span> <span id=\"tgtAlignment_19\" class=\"ts-alignment-element\" data-is-focusable=\"true\">un<\/span> <span id=\"tgtAlignment_20\" class=\"ts-alignment-element\" data-is-focusable=\"true\">puissant<\/span> <span id=\"tgtAlignment_21\" class=\"ts-alignment-element\" data-is-focusable=\"true\">m\u00e9lange<\/span> <span id=\"tgtAlignment_22\" class=\"ts-alignment-element\" data-is-focusable=\"true\">de<\/span> <span id=\"tgtAlignment_23\" class=\"ts-alignment-element\" data-is-focusable=\"true\">plantes<\/span> <span id=\"tgtAlignment_24\" class=\"ts-alignment-element\" data-is-focusable=\"true\">de<\/span> <span id=\"tgtAlignment_25\" class=\"ts-alignment-element\" data-is-focusable=\"true\">qualit\u00e9<\/span> <span id=\"tgtAlignment_26\" class=\"ts-alignment-element\" data-is-focusable=\"true\">sup\u00e9rieure<\/span> <span id=\"tgtAlignment_27\" class=\"ts-alignment-element\" data-is-focusable=\"true\">pour<\/span> <span id=\"tgtAlignment_28\" class=\"ts-alignment-element\" data-is-focusable=\"true\">hommes<\/span> <span id=\"tgtAlignment_29\" class=\"ts-alignment-element\" data-is-focusable=\"true\">et<\/span> <span id=\"tgtAlignment_30\" class=\"ts-alignment-element\" data-is-focusable=\"true\">femmes<\/span><span id=\"tgtAlignment_31\" class=\"ts-alignment-element\" data-is-focusable=\"true\">.<\/span><\/p>\n","protected":false},"featured_media":4455,"comment_status":"open","ping_status":"closed","template":"","meta":{"om_disable_all_campaigns":false,"_monsterinsights_skip_tracking":false,"_monsterinsights_sitenote_active":false,"_monsterinsights_sitenote_note":"","_monsterinsights_sitenote_category":0,"site-sidebar-layout":"default","site-content-layout":"","ast-site-content-layout":"default","site-content-style":"default","site-sidebar-style":"default","ast-global-header-display":"","ast-banner-title-visibility":"","ast-main-header-display":"","ast-hfb-above-header-display":"","ast-hfb-below-header-display":"","ast-hfb-mobile-header-display":"","site-post-title":"","ast-breadcrumbs-content":"","ast-featured-img":"","footer-sml-layout":"","theme-transparent-header-meta":"default","adv-header-id-meta":"","stick-header-meta":"","header-above-stick-meta":"","header-main-stick-meta":"","header-below-stick-meta":"","astra-migrate-meta-layouts":"set","ast-page-background-enabled":"default","ast-page-background-meta":{"desktop":{"background-color":"","background-image":"","background-repeat":"repeat","background-position":"center center","background-size":"auto","background-attachment":"scroll","background-type":"","background-media":"","overlay-type":"","overlay-color":"","overlay-opacity":"","overlay-gradient":""},"tablet":{"background-color":"","background-image":"","background-repeat":"repeat","background-position":"center center","background-size":"auto","background-attachment":"scroll","background-type":"","background-media":"","overlay-type":"","overlay-color":"","overlay-opacity":"","overlay-gradient":""},"mobile":{"background-color":"","background-image":"","background-repeat":"repeat","background-position":"center center","background-size":"auto","background-attachment":"scroll","background-type":"","background-media":"","overlay-type":"","overlay-color":"","overlay-opacity":"","overlay-gradient":""}},"ast-content-background-meta":{"desktop":{"background-color":"var(--ast-global-color-5)","background-image":"","background-repeat":"repeat","background-position":"center center","background-size":"auto","background-attachment":"scroll","background-type":"","background-media":"","overlay-type":"","overlay-color":"","overlay-opacity":"","overlay-gradient":""},"tablet":{"background-color":"var(--ast-global-color-5)","background-image":"","background-repeat":"repeat","background-position":"center center","background-size":"auto","background-attachment":"scroll","background-type":"","background-media":"","overlay-type":"","overlay-color":"","overlay-opacity":"","overlay-gradient":""},"mobile":{"background-color":"var(--ast-global-color-5)","background-image":"","background-repeat":"repeat","background-position":"center center","background-size":"auto","background-attachment":"scroll","background-type":"","background-media":"","overlay-type":"","overlay-color":"","overlay-opacity":"","overlay-gradient":""}}},"product_brand":[],"product_cat":[94],"product_tag":[102,106],"class_list":{"0":"post-4839","1":"product","2":"type-product","3":"status-publish","4":"has-post-thumbnail","6":"product_cat-energy-stamina-sports-nutrition","7":"product_tag-immunoz","8":"product_tag-libido","9":"desktop-align-left","10":"tablet-align-left","11":"mobile-align-left","13":"first","14":"instock","15":"sale","16":"purchasable","17":"product-type-simple"},"aioseo_notices":[],"_links":{"self":[{"href":"https:\/\/immunoz.com\/index.php?rest_route=\/wp\/v2\/product\/4839","targetHints":{"allow":["GET"]}}],"collection":[{"href":"https:\/\/immunoz.com\/index.php?rest_route=\/wp\/v2\/product"}],"about":[{"href":"https:\/\/immunoz.com\/index.php?rest_route=\/wp\/v2\/types\/product"}],"replies":[{"embeddable":true,"href":"https:\/\/immunoz.com\/index.php?rest_route=%2Fwp%2Fv2%2Fcomments&post=4839"}],"version-history":[{"count":3,"href":"https:\/\/immunoz.com\/index.php?rest_route=\/wp\/v2\/product\/4839\/revisions"}],"predecessor-version":[{"id":5121,"href":"https:\/\/immunoz.com\/index.php?rest_route=\/wp\/v2\/product\/4839\/revisions\/5121"}],"wp:featuredmedia":[{"embeddable":true,"href":"https:\/\/immunoz.com\/index.php?rest_route=\/wp\/v2\/media\/4455"}],"wp:attachment":[{"href":"https:\/\/immunoz.com\/index.php?rest_route=%2Fwp%2Fv2%2Fmedia&parent=4839"}],"wp:term":[{"taxonomy":"product_brand","embeddable":true,"href":"https:\/\/immunoz.com\/index.php?rest_route=%2Fwp%2Fv2%2Fproduct_brand&post=4839"},{"taxonomy":"product_cat","embeddable":true,"href":"https:\/\/immunoz.com\/index.php?rest_route=%2Fwp%2Fv2%2Fproduct_cat&post=4839"},{"taxonomy":"product_tag","embeddable":true,"href":"https:\/\/immunoz.com\/index.php?rest_route=%2Fwp%2Fv2%2Fproduct_tag&post=4839"}],"curies":[{"name":"wp","href":"https:\/\/api.w.org\/{rel}","templated":true}]}}